{"id":229,"date":"2015-07-27T03:29:01","date_gmt":"2015-07-27T03:29:01","guid":{"rendered":"http:\/\/demo.oceanthemes.net\/archi\/?page_id=229"},"modified":"2025-07-23T12:10:23","modified_gmt":"2025-07-23T12:10:23","slug":"about","status":"publish","type":"page","link":"https:\/\/rocheamenagement.com\/?page_id=229","title":{"rendered":"About"},"content":{"rendered":"<div class=\"wpb-content-wrapper\"><p>[vc_row fullwidth=&#8221;yes&#8221; css=&#8221;.vc_custom_1474447060420{background-position: 0 0 !important;background-repeat: no-repeat !important;}&#8221; el_class=&#8221;side-bg no-padding&#8221;][vc_column]\t<!-- Element: OT Quick Office -->\n\t<div class=\"side-bg\">\n\n\t\t<div class=\"image-container hidden-xs pull-left col-md-5\" style=\"background-image:url(https:\/\/rocheamenagement.com\/wp-content\/uploads\/2025\/07\/pourquoi_choisir_aat_main_image-1-copy.jpg); ?>\" data-delay=\"0\"><\/div>\n\n\t\t<!-- Added this code in 26\/03\/2019 -->\n\t\t<img decoding=\"async\" class=\"visible-xs img-responsive\" src=\"https:\/\/rocheamenagement.com\/wp-content\/uploads\/2025\/07\/pourquoi_choisir_aat_main_image-1-copy.jpg\" \/>\n\n        <div class=\"container\">\n            <div class=\"row\">\n                <div class=\"inner-padding\">\n                    <div class=\"col-md-6 col-md-offset-6 wow fadeInRight\" data-wow-delay=\".2s\">\n                        <h2>R O C H E - A M \u00c9 N A G E M E N T<\/h2><br\/>\n                        Bienvenue chez\u00a0 <strong>R O C H E A M \u00c9 N A G E M E N T<\/strong> , votre partenaire de confiance pour des solutions de portes et fen\u00eatres en aluminium, de pergolas bioclimatiques, de volets roulants, de parois de douche et de garde-corps sur mesure. Notre entreprise s&#8217;est forg\u00e9 une r\u00e9putation solide gr\u00e2ce \u00e0 notre engagement envers la qualit\u00e9, le service client et l&#8217;innovation. Chez\u00a0 <strong>R O C H E A M \u00c9 N A G E M E N T <\/strong>, nous croyons en la cr\u00e9ation d&#8217;espaces de vie exceptionnels qui allient style, fonctionnalit\u00e9 et durabilit\u00e9. Notre \u00e9quipe d&#8217;experts poss\u00e8de une vaste exp\u00e9rience dans l&#8217;industrie et est d\u00e9termin\u00e9e \u00e0 fournir des produits de la plus haute qualit\u00e9, fabriqu\u00e9s sur mesure pour r\u00e9pondre aux besoins uniques de chaque client. Nous sommes fiers de proposer une gamme compl\u00e8te de produits, allant des portes et fen\u00eatres en aluminium \u00e9l\u00e9gantes aux pergolas bioclimatiques innovantes, en passant par les volets roulants s\u00e9curis\u00e9s, les parois de douche modernes et les garde-corps styl\u00e9s. Chaque produit est con\u00e7u avec pr\u00e9cision et install\u00e9 avec expertise pour garantir une performance optimale et une satisfaction \u00e0 long terme. Chez\u00a0<b> <strong>R O C H E A M \u00c9 N A G E M E N T<\/strong><\/b>, nous nous engageons \u00e0 offrir un service client exceptionnel \u00e0 chaque \u00e9tape du processus. De la consultation initiale \u00e0 l&#8217;installation finale, notre \u00e9quipe est l\u00e0 pour vous guider, vous conseiller et vous assurer une exp\u00e9rience sans tracas.                    <\/div>\n                    <div class=\"clearfix\"><\/div>\n                <\/div>\n            <\/div>\n        <\/div>\n\t<\/div>\n\n[\/vc_column][\/vc_row][vc_row css=&#8221;.vc_custom_1440408697407{padding-top: 90px !important;padding-bottom: 90px !important;background-color: #111111 !important;}&#8221;][vc_column animate=&#8221;fadeinup&#8221; el_class=&#8221;container-4&#8243;]\n\t<!-- Element: OT Our Team --> \t \n    <!-- team member -->\n    <div class=\"de-team-list team-box wow fadeInUp\">\n    \t\t        <div class=\"team-pic\">\n\t        \t<img loading=\"lazy\" decoding=\"async\" width=\"1000\" height=\"997\" src=\"https:\/\/rocheamenagement.com\/wp-content\/uploads\/2024\/04\/photo-copy.jpg\" class=\"img-responsive\" alt=\"\" srcset=\"https:\/\/rocheamenagement.com\/wp-content\/uploads\/2024\/04\/photo-copy.jpg 1000w, https:\/\/rocheamenagement.com\/wp-content\/uploads\/2024\/04\/photo-copy-300x300.jpg 300w, https:\/\/rocheamenagement.com\/wp-content\/uploads\/2024\/04\/photo-copy-150x150.jpg 150w, https:\/\/rocheamenagement.com\/wp-content\/uploads\/2024\/04\/photo-copy-768x766.jpg 768w, https:\/\/rocheamenagement.com\/wp-content\/uploads\/2024\/04\/photo-copy-600x598.jpg 600w, https:\/\/rocheamenagement.com\/wp-content\/uploads\/2024\/04\/photo-copy-100x100.jpg 100w\" sizes=\"auto, (max-width: 1000px) 100vw, 1000px\" title=\"photo copy\" \/>          \n\t        <\/div>\n                <div class=\"team-desc\">\n            <h3>Redouane qaddi<\/h3>\n            <p class=\"lead\">Project Manager<\/p>            <div class=\"small-border\"><\/div>\n                        <div class=\"social\">\n                <a href=\"#\" target=\"_blank\"><i class=\"fa fa-facebook fa-lg\"><\/i><\/a>                <a href=\"#\" target=\"_blank\"><i class=\"fa fa-twitter fa-lg\"><\/i><\/a>                <a href=\"#\" target=\"_blank\"><i class=\"fa fa-skype fa-lg\"><\/i><\/a>                            <\/div>\n        <\/div>\n    <\/div>\n    <!-- team close -->\n\n\n\t<!-- Element: OT Our Team --> \t \n    <!-- team member -->\n    <div class=\"de-team-list team-box wow fadeInUp\">\n    \t\t        <div class=\"team-pic\">\n\t        \t<img loading=\"lazy\" decoding=\"async\" width=\"1000\" height=\"997\" src=\"https:\/\/rocheamenagement.com\/wp-content\/uploads\/2024\/04\/photho-copy.jpg\" class=\"img-responsive\" alt=\"\" srcset=\"https:\/\/rocheamenagement.com\/wp-content\/uploads\/2024\/04\/photho-copy.jpg 1000w, https:\/\/rocheamenagement.com\/wp-content\/uploads\/2024\/04\/photho-copy-300x300.jpg 300w, https:\/\/rocheamenagement.com\/wp-content\/uploads\/2024\/04\/photho-copy-150x150.jpg 150w, https:\/\/rocheamenagement.com\/wp-content\/uploads\/2024\/04\/photho-copy-768x766.jpg 768w, https:\/\/rocheamenagement.com\/wp-content\/uploads\/2024\/04\/photho-copy-600x598.jpg 600w, https:\/\/rocheamenagement.com\/wp-content\/uploads\/2024\/04\/photho-copy-100x100.jpg 100w\" sizes=\"auto, (max-width: 1000px) 100vw, 1000px\" title=\"photho copy\" \/>          \n\t        <\/div>\n                <div class=\"team-desc\">\n            <h3>Meryam acho<\/h3>\n            <p class=\"lead\">Creative Director<\/p>            <div class=\"small-border\"><\/div>\n                        <div class=\"social\">\n                <a href=\"#\" target=\"_blank\"><i class=\"fa fa-google-plus fa-lg\"><\/i><\/a>                <a href=\"#\" target=\"_blank\"><i class=\"fa fa-facebook fa-lg\"><\/i><\/a>                <a href=\"#\" target=\"_blank\"><i class=\"fa fa-skype fa-lg\"><\/i><\/a>                            <\/div>\n        <\/div>\n    <\/div>\n    <!-- team close -->\n\n\n\t<!-- Element: OT Our Team --> \t \n    <!-- team member -->\n    <div class=\"de-team-list team-box wow fadeInUp\">\n    \t\t        <div class=\"team-pic\">\n\t        \t<img loading=\"lazy\" decoding=\"async\" width=\"1000\" height=\"997\" src=\"https:\/\/rocheamenagement.com\/wp-content\/uploads\/2024\/04\/photo-copy.jpg\" class=\"img-responsive\" alt=\"\" srcset=\"https:\/\/rocheamenagement.com\/wp-content\/uploads\/2024\/04\/photo-copy.jpg 1000w, https:\/\/rocheamenagement.com\/wp-content\/uploads\/2024\/04\/photo-copy-300x300.jpg 300w, https:\/\/rocheamenagement.com\/wp-content\/uploads\/2024\/04\/photo-copy-150x150.jpg 150w, https:\/\/rocheamenagement.com\/wp-content\/uploads\/2024\/04\/photo-copy-768x766.jpg 768w, https:\/\/rocheamenagement.com\/wp-content\/uploads\/2024\/04\/photo-copy-600x598.jpg 600w, https:\/\/rocheamenagement.com\/wp-content\/uploads\/2024\/04\/photo-copy-100x100.jpg 100w\" sizes=\"auto, (max-width: 1000px) 100vw, 1000px\" title=\"photo copy\" \/>          \n\t        <\/div>\n                <div class=\"team-desc\">\n            <h3>sabere deb<\/h3>\n            <p class=\"lead\">Creative Staff<\/p>            <div class=\"small-border\"><\/div>\n                        <div class=\"social\">\n                <a href=\"#\" target=\"_blank\"><i class=\"fa fa-facebook fa-lg\"><\/i><\/a>                <a href=\"#\" target=\"_blank\"><i class=\"fa fa-twitter fa-lg\"><\/i><\/a>                <a href=\"#\" target=\"_blank\"><i class=\"fa fa-skype fa-lg\"><\/i><\/a>                            <\/div>\n        <\/div>\n    <\/div>\n    <!-- team close -->\n\n\n\t<!-- Element: OT Our Team --> \t \n    <!-- team member -->\n    <div class=\"de-team-list team-box wow fadeInUp\">\n    \t\t        <div class=\"team-pic\">\n\t        \t<img loading=\"lazy\" decoding=\"async\" width=\"1000\" height=\"997\" src=\"https:\/\/rocheamenagement.com\/wp-content\/uploads\/2024\/04\/photho-copy.jpg\" class=\"img-responsive\" alt=\"\" srcset=\"https:\/\/rocheamenagement.com\/wp-content\/uploads\/2024\/04\/photho-copy.jpg 1000w, https:\/\/rocheamenagement.com\/wp-content\/uploads\/2024\/04\/photho-copy-300x300.jpg 300w, https:\/\/rocheamenagement.com\/wp-content\/uploads\/2024\/04\/photho-copy-150x150.jpg 150w, https:\/\/rocheamenagement.com\/wp-content\/uploads\/2024\/04\/photho-copy-768x766.jpg 768w, https:\/\/rocheamenagement.com\/wp-content\/uploads\/2024\/04\/photho-copy-600x598.jpg 600w, https:\/\/rocheamenagement.com\/wp-content\/uploads\/2024\/04\/photho-copy-100x100.jpg 100w\" sizes=\"auto, (max-width: 1000px) 100vw, 1000px\" title=\"photho copy\" \/>          \n\t        <\/div>\n                <div class=\"team-desc\">\n            <h3>Karim echo<\/h3>\n            <p class=\"lead\">commerciale<\/p>            <div class=\"small-border\"><\/div>\n                        <div class=\"social\">\n                <a href=\"#\" target=\"_blank\"><i class=\"fa fa-facebook fa-lg\"><\/i><\/a>                <a href=\"#\" target=\"_blank\"><i class=\"fa fa-twitter fa-lg\"><\/i><\/a>                <a href=\"#\" target=\"_blank\"><i class=\"fa fa-skype fa-lg\"><\/i><\/a>                            <\/div>\n        <\/div>\n    <\/div>\n    <!-- team close -->\n\n[\/vc_column][\/vc_row][vc_row css=&#8221;.vc_custom_1495706002495{padding-top: 90px !important;padding-bottom: 90px !important;background-image: url(http:\/\/demo.archiwp.com\/wp-content\/uploads\/2015\/07\/bg-3.jpg?id=185) !important;background-position: center !important;background-repeat: no-repeat !important;background-size: cover !important;}&#8221; el_class=&#8221;bg-fixed&#8221;][vc_column animate=&#8221;fadeinup&#8221;]\n\t<!-- Element: OT Heading --> \t \n\t<h1 class=\"ot_custom_heading  \" style=\"text-align: center;color: #ffffff;\" >Client dit<\/h1>\t\n\t<!-- Element: OT Line solid --> \t \n\t<div class=\" separator \"><span><i class=\"fa fa-circle\"><\/i><\/span><\/div>\n\t<div class=\"spacer-single\"><\/div>\t      \n[\/vc_column][vc_column]\t<!-- Element: OT Testimonial Silder -->\t\n\t<div class=\"testimonial__carousel de_carousel wow fadeInUp\" data-wow-delay=\".3s\" data-visible=\"2\" data-autoplay=\"false\" data-autoheight=\"false\" data-speed=\"200\" data-navspeed=\"800\" data-rewinspeed=\"1000\">\n\t        <div class=\"col-md-12 item\">\n            <div class=\"de_testi\">\n                <blockquote>\n                    <p>&#8220;J&#8217;ai r\u00e9cemment fait installer des portes et fen\u00eatres en aluminium ainsi qu&#8217;une magnifique pergola bioclimatique par ROCHE AM\u00c9NAGEMENT . Je ne pourrais \u00eatre plus heureux du r\u00e9sultat ! D\u00e8s la premi\u00e8re consultation, leur \u00e9quipe a \u00e9t\u00e9 tr\u00e8s \u00e0 l&#8217;\u00e9coute de mes besoins, prenant des mesures pr\u00e9cises pour s&#8217;assurer d&#8217;un ajustement parfait.&#8221;<\/p>\n                    <div class=\"de_testi_by no-margin\">\n\n                    \t\n\t\t\t\t\t\t<div >\n                        \tbennis, Client                        <\/div>\n\n                    <\/div>\n                <\/blockquote>\n            <\/div>\n        <\/div>\n                <div class=\"col-md-12 item\">\n            <div class=\"de_testi\">\n                <blockquote>\n                    <p>&#8220;Service impeccable, produits de qualit\u00e9 sup\u00e9rieure. J&#8217;ai fait installer des portes, Rien \u00e0 redire, tout \u00e9tait parfait de A \u00e0 Z. Merci ROCHE AM\u00c9NAGEMENT pour votre professionnalisme !&#8221;<\/p>\n                    <div class=\"de_testi_by no-margin\">\n\n                    \t\n\t\t\t\t\t\t<div >\n                        \tTarik, Client                        <\/div>\n\n                    <\/div>\n                <\/blockquote>\n            <\/div>\n        <\/div>\n                <div class=\"col-md-12 item\">\n            <div class=\"de_testi\">\n                <blockquote>\n                    <p>&#8220;Excellents produits et installation sans souci. J&#8217;ai choisi ROCHE AM\u00c9NAGEMENT \u00a0pour mes volets roulants et parois de douche. Le r\u00e9sultat d\u00e9passe mes attentes, et le service client \u00e9tait impeccable. Merci pour cette exp\u00e9rience sans tracas !&#8221;<\/p>\n                    <div class=\"de_testi_by no-margin\">\n\n                    \t\n\t\t\t\t\t\t<div >\n                        \tabd aziz, Client                        <\/div>\n\n                    <\/div>\n                <\/blockquote>\n            <\/div>\n        <\/div>\n                <div class=\"col-md-12 item\">\n            <div class=\"de_testi\">\n                <blockquote>\n                    <p>&#8220;Des fen\u00eatres en aluminium de haute qualit\u00e9 et un service client exceptionnel.&#8221;<\/p>\n                    <div class=\"de_testi_by no-margin\">\n\n                    \t\n\t\t\t\t\t\t<div >\n                        \tzainat, Client                        <\/div>\n\n                    <\/div>\n                <\/blockquote>\n            <\/div>\n        <\/div>\n            <\/div>\n\n[\/vc_column][\/vc_row][vc_row fullwidth=&#8221;yes&#8221; css=&#8221;.vc_custom_1442204650520{padding-top: 60px !important;padding-bottom: 60px !important;}&#8221; el_class=&#8221;call-to-action bg-color text-center&#8221;][vc_column]\t\t\t\n\t<!-- Element: OT Button --> \n\t\t\t<a href=\"https:\/\/wa.me\/212663073917\" target=\"_self\" class=\"btn btn-line-black btn-big  \">Parlez avec nous<\/a>\n\t    \n[\/vc_column][\/vc_row]<\/p>\n<\/div>","protected":false},"excerpt":{"rendered":"<p>[vc_row fullwidth=&#8221;yes&#8221; css=&#8221;.vc_custom_1474447060420{background-position: 0 0 !important;background-repeat: no-repeat !important;}&#8221; el_class=&#8221;side-bg no-padding&#8221;][vc_column][\/vc_column][\/vc_row][vc_row css=&#8221;.vc_custom_1440408697407{padding-top: 90px !important;padding-bottom: 90px !important;background-color: #111111 !important;}&#8221;][vc_column animate=&#8221;fadeinup&#8221; el_class=&#8221;container-4&#8243;][\/vc_column][\/vc_row][vc_row css=&#8221;.vc_custom_1495706002495{padding-top: 90px !important;padding-bottom: 90px !important;background-image: url(http:\/\/demo.archiwp.com\/wp-content\/uploads\/2015\/07\/bg-3.jpg?id=185) !important;background-position: center !important;background-repeat: no-repeat !important;background-size: cover !important;}&#8221; el_class=&#8221;bg-fixed&#8221;][vc_column animate=&#8221;fadeinup&#8221;][\/vc_column][vc_column][\/vc_column][\/vc_row][vc_row fullwidth=&#8221;yes&#8221; css=&#8221;.vc_custom_1442204650520{padding-top: 60px !important;padding-bottom: 60px !important;}&#8221; el_class=&#8221;call-to-action bg-color text-center&#8221;][vc_column][\/vc_column][\/vc_row]<\/p>\n","protected":false},"author":1,"featured_media":0,"parent":0,"menu_order":0,"comment_status":"open","ping_status":"open","template":"page-templates\/template-fullwidth.php","meta":{"footnotes":""},"class_list":["post-229","page","type-page","status-publish","hentry"],"_hostinger_reach_plugin_has_subscription_block":false,"_hostinger_reach_plugin_is_elementor":false,"_links":{"self":[{"href":"https:\/\/rocheamenagement.com\/index.php?rest_route=\/wp\/v2\/pages\/229","targetHints":{"allow":["GET"]}}],"collection":[{"href":"https:\/\/rocheamenagement.com\/index.php?rest_route=\/wp\/v2\/pages"}],"about":[{"href":"https:\/\/rocheamenagement.com\/index.php?rest_route=\/wp\/v2\/types\/page"}],"author":[{"embeddable":true,"href":"https:\/\/rocheamenagement.com\/index.php?rest_route=\/wp\/v2\/users\/1"}],"replies":[{"embeddable":true,"href":"https:\/\/rocheamenagement.com\/index.php?rest_route=%2Fwp%2Fv2%2Fcomments&post=229"}],"version-history":[{"count":15,"href":"https:\/\/rocheamenagement.com\/index.php?rest_route=\/wp\/v2\/pages\/229\/revisions"}],"predecessor-version":[{"id":1806,"href":"https:\/\/rocheamenagement.com\/index.php?rest_route=\/wp\/v2\/pages\/229\/revisions\/1806"}],"wp:attachment":[{"href":"https:\/\/rocheamenagement.com\/index.php?rest_route=%2Fwp%2Fv2%2Fmedia&parent=229"}],"curies":[{"name":"wp","href":"https:\/\/api.w.org\/{rel}","templated":true}]}}